[INFO] cloning repository https://github.com/bernardoamc/vault-insights
[INFO] running `Command { std: "git" "-c" "credential.helper=" "-c" "credential.helper=/workspace/cargo-home/bin/git-credential-null" "clone" "--bare" "https://github.com/bernardoamc/vault-insights" "/workspace/cache/git-repos/https%3A%2F%2Fgithub.com%2Fbernardoamc%2Fvault-insights", kill_on_drop: false }`
[INFO] [stderr] Cloning into bare repository '/workspace/cache/git-repos/https%3A%2F%2Fgithub.com%2Fbernardoamc%2Fvault-insights'...
[INFO] running `Command { std: "git" "rev-parse" "HEAD", kill_on_drop: false }`
[INFO] [stdout] bf8d148a3678cc61b0796bc3c28e11609eb71b55
[INFO] checking bernardoamc/vault-insights against master#e6e4f7ed1589e03bc2f6c5931c1a72e7947e8682 for beta-170-4
[INFO] running `Command { std: "git" "clone" "/workspace/cache/git-repos/https%3A%2F%2Fgithub.com%2Fbernardoamc%2Fvault-insights" "/workspace/builds/worker-5-tc2/source", kill_on_drop: false }`
[INFO] [stderr] Cloning into '/workspace/builds/worker-5-tc2/source'...
[INFO] [stderr] done.
[INFO] validating manifest of git repo https://github.com/bernardoamc/vault-insights on toolchain e6e4f7ed1589e03bc2f6c5931c1a72e7947e8682
[INFO] running `Command { std: CARGO_HOME="/workspace/cargo-home" RUSTUP_HOME="/workspace/rustup-home" "/workspace/cargo-home/bin/cargo" "+e6e4f7ed1589e03bc2f6c5931c1a72e7947e8682" "metadata" "--manifest-path" "Cargo.toml" "--no-deps", kill_on_drop: false }`
[INFO] started tweaking git repo https://github.com/bernardoamc/vault-insights
[INFO] finished tweaking git repo https://github.com/bernardoamc/vault-insights
[INFO] tweaked toml for git repo https://github.com/bernardoamc/vault-insights written to /workspace/builds/worker-5-tc2/source/Cargo.toml
[INFO] crate git repo https://github.com/bernardoamc/vault-insights already has a lockfile, it will not be regenerated
[INFO] running `Command { std: CARGO_HOME="/workspace/cargo-home" RUSTUP_HOME="/workspace/rustup-home" "/workspace/cargo-home/bin/cargo" "+e6e4f7ed1589e03bc2f6c5931c1a72e7947e8682" "fetch" "--manifest-path" "Cargo.toml", kill_on_drop: false }`
[INFO] running `Command { std: "docker" "create" "-v" "/var/lib/crater-agent-workspace/builds/worker-5-tc2/target:/opt/rustwide/target:rw,Z" "-v" "/var/lib/crater-agent-workspace/builds/worker-5-tc2/source:/opt/rustwide/workdir:ro,Z" "-v" "/var/lib/crater-agent-workspace/cargo-home:/opt/rustwide/cargo-home:ro,Z" "-v" "/var/lib/crater-agent-workspace/rustup-home:/opt/rustwide/rustup-home:ro,Z" "-e" "SOURCE_DIR=/opt/rustwide/workdir" "-e" "CARGO_TARGET_DIR=/opt/rustwide/target" "-e" "CARGO_HOME=/opt/rustwide/cargo-home" "-e" "RUSTUP_HOME=/opt/rustwide/rustup-home" "-w" "/opt/rustwide/workdir" "-m" "1610612736" "--user" "0:0" "--network" "none" "ghcr.io/rust-lang/crates-build-env/linux@sha256:19e73879b68f455e41552ea35293514db52ea292d993f571636dbffedb77a1ee" "/opt/rustwide/cargo-home/bin/cargo" "+e6e4f7ed1589e03bc2f6c5931c1a72e7947e8682" "metadata" "--no-deps" "--format-version=1", kill_on_drop: false }`
[INFO] [stdout] 3ed13f0494e7cb9d34bb7a07e882c55f0bd24ded5a67c8d8a784091b3c205286
[INFO] running `Command { std: "docker" "start" "-a" "3ed13f0494e7cb9d34bb7a07e882c55f0bd24ded5a67c8d8a784091b3c205286", kill_on_drop: false }`
[INFO] running `Command { std: "docker" "inspect" "3ed13f0494e7cb9d34bb7a07e882c55f0bd24ded5a67c8d8a784091b3c205286", kill_on_drop: false }`
[INFO] running `Command { std: "docker" "rm" "-f" "3ed13f0494e7cb9d34bb7a07e882c55f0bd24ded5a67c8d8a784091b3c205286", kill_on_drop: false }`
[INFO] [stdout] 3ed13f0494e7cb9d34bb7a07e882c55f0bd24ded5a67c8d8a784091b3c205286
[INFO] running `Command { std: "docker" "create" "-v" "/var/lib/crater-agent-workspace/builds/worker-5-tc2/target:/opt/rustwide/target:rw,Z" "-v" "/var/lib/crater-agent-workspace/builds/worker-5-tc2/source:/opt/rustwide/workdir:ro,Z" "-v" "/var/lib/crater-agent-workspace/cargo-home:/opt/rustwide/cargo-home:ro,Z" "-v" "/var/lib/crater-agent-workspace/rustup-home:/opt/rustwide/rustup-home:ro,Z" "-e" "SOURCE_DIR=/opt/rustwide/workdir" "-e" "CARGO_TARGET_DIR=/opt/rustwide/target" "-e" "CARGO_INCREMENTAL=0" "-e" "RUST_BACKTRACE=full" "-e" "RUSTFLAGS=--cap-lints=forbid" "-e" "RUSTDOCFLAGS=--cap-lints=forbid" "-e" "CARGO_HOME=/opt/rustwide/cargo-home" "-e" "RUSTUP_HOME=/opt/rustwide/rustup-home" "-w" "/opt/rustwide/workdir" "-m" "1610612736" "--user" "0:0" "--network" "none" "ghcr.io/rust-lang/crates-build-env/linux@sha256:19e73879b68f455e41552ea35293514db52ea292d993f571636dbffedb77a1ee" "/opt/rustwide/cargo-home/bin/cargo" "+e6e4f7ed1589e03bc2f6c5931c1a72e7947e8682" "check" "--frozen" "--all" "--all-targets" "--message-format=json", kill_on_drop: false }`
[INFO] [stdout] b7ad52a8befac0b874cf9b5c7afd82c8df29e710028f7066093055f48c4388a1
[INFO] running `Command { std: "docker" "start" "-a" "b7ad52a8befac0b874cf9b5c7afd82c8df29e710028f7066093055f48c4388a1", kill_on_drop: false }`
[INFO] [stderr]    Compiling libc v0.2.68
[INFO] [stderr]    Compiling proc-macro2 v1.0.10
[INFO] [stderr]    Compiling unicode-xid v0.2.0
[INFO] [stderr]    Compiling syn v1.0.17
[INFO] [stderr]    Compiling autocfg v1.0.0
[INFO] [stderr]     Checking cfg-if v0.1.9
[INFO] [stderr]    Compiling memchr v2.3.3
[INFO] [stderr]    Compiling log v0.4.8
[INFO] [stderr]     Checking slab v0.4.2
[INFO] [stderr]     Checking futures-core v0.3.4
[INFO] [stderr]    Compiling pkg-config v0.3.17
[INFO] [stderr]     Checking itoa v0.4.5
[INFO] [stderr]    Compiling cc v1.0.50
[INFO] [stderr]    Compiling proc-macro-nested v0.1.4
[INFO] [stderr]     Checking futures-sink v0.3.4
[INFO] [stderr]     Checking bytes v0.5.4
[INFO] [stderr]     Checking fnv v1.0.6
[INFO] [stderr]    Compiling bitflags v1.2.1
[INFO] [stderr]    Compiling serde v1.0.106
[INFO] [stderr]    Compiling proc-macro-hack v0.5.15
[INFO] [stderr]     Checking arc-swap v0.4.6
[INFO] [stderr]    Compiling version_check v0.9.1
[INFO] [stderr]     Checking futures-channel v0.3.4
[INFO] [stderr]     Checking futures-task v0.3.4
[INFO] [stderr]     Checking futures-io v0.3.4
[INFO] [stderr]     Checking pin-project-lite v0.1.4
[INFO] [stderr]    Compiling byteorder v1.3.4
[INFO] [stderr]    Compiling indexmap v1.3.2
[INFO] [stderr]    Compiling openssl v0.10.28
[INFO] [stderr]    Compiling proc-macro2 v0.4.30
[INFO] [stderr]     Checking http v0.2.1
[INFO] [stderr]    Compiling ryu v1.0.3
[INFO] [stderr]     Checking smallvec v1.2.0
[INFO] [stderr]    Compiling httparse v1.3.4
[INFO] [stderr]     Checking matches v0.1.8
[INFO] [stderr]    Compiling unicode-xid v0.1.0
[INFO] [stderr]    Compiling unicase v2.6.0
[INFO] [stderr]    Compiling native-tls v0.2.4
[INFO] [stderr]     Checking unicode-normalization v0.1.12
[INFO] [stderr]     Checking unicode-bidi v0.3.4
[INFO] [stderr]    Compiling num-traits v0.2.11
[INFO] [stderr]    Compiling syn v0.15.44
[INFO] [stderr]     Checking unicode-width v0.1.7
[INFO] [stderr]     Checking openssl-probe v0.1.2
[INFO] [stderr]     Checking try-lock v0.2.2
[INFO] [stderr]    Compiling quote v1.0.3
[INFO] [stderr]     Checking want v0.3.0
[INFO] [stderr]     Checking iovec v0.1.4
[INFO] [stderr]     Checking net2 v0.2.33
[INFO] [stderr]     Checking num_cpus v1.12.0
[INFO] [stderr]     Checking signal-hook-registry v1.2.0
[INFO] [stderr]     Checking time v0.1.42
[INFO] [stderr]     Checking atty v0.2.14
[INFO] [stderr]     Checking regex-automata v0.1.9
[INFO] [stderr]    Compiling num-integer v0.1.42
[INFO] [stderr]     Checking tower-service v0.3.0
[INFO] [stderr]    Compiling mime_guess v2.0.3
[INFO] [stderr]    Compiling unicode-segmentation v1.6.0
[INFO] [stderr]    Compiling encoding_rs v0.8.22
[INFO] [stderr]     Checking mio v0.6.21
[INFO] [stderr]    Compiling openssl-sys v0.9.54
[INFO] [stderr]     Checking dirs v1.0.5
[INFO] [stderr]     Checking textwrap v0.11.0
[INFO] [stderr]    Compiling quote v0.6.13
[INFO] [stderr]     Checking csv-core v0.1.10
[INFO] [stderr]     Checking dtoa v0.4.5
[INFO] [stderr]     Checking vec_map v0.8.1
[INFO] [stderr]     Checking idna v0.2.0
[INFO] [stderr]     Checking ansi_term v0.11.0
[INFO] [stderr]     Checking strsim v0.8.0
[INFO] [stderr]    Compiling anyhow v1.0.28
[INFO] [stderr]     Checking term v0.5.2
[INFO] [stderr]    Compiling heck v0.3.1
[INFO] [stderr]     Checking dirs-sys v0.3.4
[INFO] [stderr]     Checking clap v2.33.0
[INFO] [stderr]     Checking base64 v0.11.0
[INFO] [stderr]     Checking encode_unicode v0.3.6
[INFO] [stderr]     Checking dirs v2.0.2
[INFO] [stderr]     Checking mio-uds v0.6.7
[INFO] [stderr]     Checking url v2.1.1
[INFO] [stderr] The following warnings were emitted during compilation:
[INFO] [stderr] 
[INFO] [stderr] warning: build/expando.c:4:24: error: pasting "RUST_VERSION_OPENSSL_" and "(" does not give a valid preprocessing token
[INFO] [stderr] warning:     4 | #define VERSION2(n, v) RUST_VERSION_##n##_##v
[INFO] [stderr] warning:       |                        ^~~~~~~~~~~~~
[INFO] [stderr] warning: build/expando.c:5:23: note: in expansion of macro 'VERSION2'
[INFO] [stderr] warning:     5 | #define VERSION(n, v) VERSION2(n, v)
[INFO] [stderr] warning:       |                       ^~~~~~~~
[INFO] [stderr] warning: build/expando.c:10:1: note: in expansion of macro 'VERSION'
[INFO] [stderr] warning:    10 | VERSION(OPENSSL, OPENSSL_VERSION_NUMBER)
[INFO] [stderr] warning:       | ^~~~~~~
[INFO] [stderr] 
[INFO] [stderr] error: failed to run custom build command for `openssl-sys v0.9.54`
[INFO] [stderr] note: To improve backtraces for build dependencies, set the CARGO_PROFILE_DEV_BUILD_OVERRIDE_DEBUG=true environment variable to enable debug information generation.
[INFO] [stderr] 
[INFO] [stderr] Caused by:
[INFO] [stderr]   process didn't exit successfully: `/opt/rustwide/target/debug/build/openssl-sys-e86f2c4e790fe454/build-script-main` (exit status: 101)
[INFO] [stderr]   --- stdout
[INFO] [stderr]   cargo:rustc-cfg=const_fn
[INFO] [stderr]   cargo:rerun-if-env-changed=X86_64_UNKNOWN_LINUX_GNU_OPENSSL_LIB_DIR
[INFO] [stderr]   X86_64_UNKNOWN_LINUX_GNU_OPENSSL_LIB_DIR unset
[INFO] [stderr]   cargo:rerun-if-env-changed=OPENSSL_LIB_DIR
[INFO] [stderr]   OPENSSL_LIB_DIR unset
[INFO] [stderr]   cargo:rerun-if-env-changed=X86_64_UNKNOWN_LINUX_GNU_OPENSSL_INCLUDE_DIR
[INFO] [stderr]   X86_64_UNKNOWN_LINUX_GNU_OPENSSL_INCLUDE_DIR unset
[INFO] [stderr]   cargo:rerun-if-env-changed=OPENSSL_INCLUDE_DIR
[INFO] [stderr]   OPENSSL_INCLUDE_DIR unset
[INFO] [stderr]   cargo:rerun-if-env-changed=X86_64_UNKNOWN_LINUX_GNU_OPENSSL_DIR
[INFO] [stderr]   X86_64_UNKNOWN_LINUX_GNU_OPENSSL_DIR unset
[INFO] [stderr]   cargo:rerun-if-env-changed=OPENSSL_DIR
[INFO] [stderr]   OPENSSL_DIR unset
[INFO] [stderr]   cargo:rustc-link-lib=ssl
[INFO] [stderr]   cargo:rustc-link-lib=crypto
[INFO] [stderr]   OPT_LEVEL = Some("0")
[INFO] [stderr]   TARGET = Some("x86_64-unknown-linux-gnu")
[INFO] [stderr]   HOST = Some("x86_64-unknown-linux-gnu")
[INFO] [stderr]   CC_x86_64-unknown-linux-gnu = None
[INFO] [stderr]   CC_x86_64_unknown_linux_gnu = None
[INFO] [stderr]   HOST_CC = None
[INFO] [stderr]   CC = None
[INFO] [stderr]   CFLAGS_x86_64-unknown-linux-gnu = None
[INFO] [stderr]   CFLAGS_x86_64_unknown_linux_gnu = None
[INFO] [stderr]   HOST_CFLAGS = None
[INFO] [stderr]   CFLAGS = None
[INFO] [stderr]   CRATE_CC_NO_DEFAULTS = None
[INFO] [stderr]   DEBUG = Some("true")
[INFO] [stderr]   CARGO_CFG_TARGET_FEATURE = Some("fxsr,sse,sse2")
[INFO] [stderr]   running: "cc" "-O0" "-ffunction-sections" "-fdata-sections" "-fPIC" "-g" "-fno-omit-frame-pointer" "-m64" "-I" "/usr/include" "-Wall" "-Wextra" "-E" "build/expando.c"
[INFO] [stderr]   cargo:warning=build/expando.c:4:24: error: pasting "RUST_VERSION_OPENSSL_" and "(" does not give a valid preprocessing token
[INFO] [stderr]   cargo:warning=    4 | #define VERSION2(n, v) RUST_VERSION_##n##_##v
[INFO] [stderr]   cargo:warning=      |                        ^~~~~~~~~~~~~
[INFO] [stderr]   cargo:warning=build/expando.c:5:23: note: in expansion of macro 'VERSION2'
[INFO] [stderr]   cargo:warning=    5 | #define VERSION(n, v) VERSION2(n, v)
[INFO] [stderr]   cargo:warning=      |                       ^~~~~~~~
[INFO] [stderr]   cargo:warning=build/expando.c:10:1: note: in expansion of macro 'VERSION'
[INFO] [stderr]   cargo:warning=   10 | VERSION(OPENSSL, OPENSSL_VERSION_NUMBER)
[INFO] [stderr]   cargo:warning=      | ^~~~~~~
[INFO] [stderr]   exit status: 1
[INFO] [stderr] 
[INFO] [stderr]   --- stderr
[INFO] [stderr]   thread 'main' panicked at '
[INFO] [stderr]   Header expansion error:
[INFO] [stderr]   Error { kind: ToolExecError, message: "Command \"cc\" \"-O0\" \"-ffunction-sections\" \"-fdata-sections\" \"-fPIC\" \"-g\" \"-fno-omit-frame-pointer\" \"-m64\" \"-I\" \"/usr/include\" \"-Wall\" \"-Wextra\" \"-E\" \"build/expando.c\" with args \"cc\" did not execute successfully (status code exit status: 1)." }
[INFO] [stderr] 
[INFO] [stderr]   Failed to find OpenSSL development headers.
[INFO] [stderr] 
[INFO] [stderr]   You can try fixing this setting the `OPENSSL_DIR` environment variable
[INFO] [stderr]   pointing to your OpenSSL installation or installing OpenSSL headers package
[INFO] [stderr]   specific to your distribution:
[INFO] [stderr] 
[INFO] [stderr]       # On Ubuntu
[INFO] [stderr]       sudo apt-get install libssl-dev
[INFO] [stderr]       # On Arch Linux
[INFO] [stderr]       sudo pacman -S openssl
[INFO] [stderr]       # On Fedora
[INFO] [stderr]       sudo dnf install openssl-devel
[INFO] [stderr] 
[INFO] [stderr]   See rust-openssl README for more information:
[INFO] [stderr] 
[INFO] [stderr]       https://github.com/sfackler/rust-openssl#linux
[INFO] [stderr]   ', /opt/rustwide/cargo-home/registry/src/index.crates.io-6f17d22bba15001f/openssl-sys-0.9.54/build/main.rs:126:13
[INFO] [stderr]   stack backtrace:
[INFO] [stderr]      0:     0x55862cfd7101 - std::backtrace_rs::backtrace::libunwind::trace::ha9d9de1bf4176bfa
[INFO] [stderr]                                  at /rustc/e6e4f7ed1589e03bc2f6c5931c1a72e7947e8682/library/std/src/../../backtrace/src/backtrace/libunwind.rs:93:5
[INFO] [stderr]      1:     0x55862cfd7101 - std::backtrace_rs::backtrace::trace_unsynchronized::h165c36ef694ada1c
[INFO] [stderr]                                  at /rustc/e6e4f7ed1589e03bc2f6c5931c1a72e7947e8682/library/std/src/../../backtrace/src/backtrace/mod.rs:66:5
[INFO] [stderr]      2:     0x55862cfd7101 - std::sys_common::backtrace::_print_fmt::h4d89c7ce1e89b43d
[INFO] [stderr]                                  at /rustc/e6e4f7ed1589e03bc2f6c5931c1a72e7947e8682/library/std/src/sys_common/backtrace.rs:65:5
[INFO] [stderr]      3:     0x55862cfd7101 - <std::sys_common::backtrace::_print::DisplayBacktrace as core::fmt::Display>::fmt::hfc68e8a2f3b7b37c
[INFO] [stderr]                                  at /rustc/e6e4f7ed1589e03bc2f6c5931c1a72e7947e8682/library/std/src/sys_common/backtrace.rs:44:22
[INFO] [stderr]      4:     0x55862cff901f - core::fmt::rt::Argument::fmt::hc7dd5538f3de21b7
[INFO] [stderr]                                  at /rustc/e6e4f7ed1589e03bc2f6c5931c1a72e7947e8682/library/core/src/fmt/rt.rs:138:9
[INFO] [stderr]      5:     0x55862cff901f - core::fmt::write::hac9705ca9b43c249
[INFO] [stderr]                                  at /rustc/e6e4f7ed1589e03bc2f6c5931c1a72e7947e8682/library/core/src/fmt/mod.rs:1094:21
[INFO] [stderr]      6:     0x55862cfd47e1 - std::io::Write::write_fmt::h7bc9466b47d6774b
[INFO] [stderr]                                  at /rustc/e6e4f7ed1589e03bc2f6c5931c1a72e7947e8682/library/std/src/io/mod.rs:1713:15
[INFO] [stderr]      7:     0x55862cfd6f15 - std::sys_common::backtrace::_print::h03072469d8150f3e
[INFO] [stderr]                                  at /rustc/e6e4f7ed1589e03bc2f6c5931c1a72e7947e8682/library/std/src/sys_common/backtrace.rs:47:5
[INFO] [stderr]      8:     0x55862cfd6f15 - std::sys_common::backtrace::print::hd0f67791f02b87ae
[INFO] [stderr]                                  at /rustc/e6e4f7ed1589e03bc2f6c5931c1a72e7947e8682/library/std/src/sys_common/backtrace.rs:34:9
[INFO] [stderr]      9:     0x55862cfd85e7 - std::panicking::default_hook::{{closure}}::h7c8ccb2c703d1528
[INFO] [stderr]     10:     0x55862cfd83d4 - std::panicking::default_hook::h770c31d58b53801e
[INFO] [stderr]                                  at /rustc/e6e4f7ed1589e03bc2f6c5931c1a72e7947e8682/library/std/src/panicking.rs:288:9
[INFO] [stderr]     11:     0x55862cfd8a9c - std::panicking::rust_panic_with_hook::hb50e58c42f5187f2
[INFO] [stderr]                                  at /rustc/e6e4f7ed1589e03bc2f6c5931c1a72e7947e8682/library/std/src/panicking.rs:705:13
[INFO] [stderr]     12:     0x55862cfd8997 - std::panicking::begin_panic_handler::{{closure}}::h4d6093b91efbd52e
[INFO] [stderr]                                  at /rustc/e6e4f7ed1589e03bc2f6c5931c1a72e7947e8682/library/std/src/panicking.rs:597:13
[INFO] [stderr]     13:     0x55862cfd7536 - std::sys_common::backtrace::__rust_end_short_backtrace::h318963d1ef4510cb
[INFO] [stderr]                                  at /rustc/e6e4f7ed1589e03bc2f6c5931c1a72e7947e8682/library/std/src/sys_common/backtrace.rs:151:18
[INFO] [stderr]     14:     0x55862cfd86e2 - rust_begin_unwind
[INFO] [stderr]                                  at /rustc/e6e4f7ed1589e03bc2f6c5931c1a72e7947e8682/library/std/src/panicking.rs:593:5
[INFO] [stderr]     15:     0x55862cf4a693 - core::panicking::panic_fmt::h6ce9f4b93775846b
[INFO] [stderr]                                  at /rustc/e6e4f7ed1589e03bc2f6c5931c1a72e7947e8682/library/core/src/panicking.rs:67:14
[INFO] [stderr]     16:     0x55862cf4eda1 - build_script_main::validate_headers::h7140874dffd4434e
[INFO] [stderr]     17:     0x55862cf55f0d - build_script_main::find::try_pkg_config::h126b4c2c4eb326e8
[INFO] [stderr]     18:     0x55862cf54d9a - build_script_main::find::find_openssl_dir::hd9d9260527f619b0
[INFO] [stderr]     19:     0x55862cf54be2 - build_script_main::find::get_openssl::{{closure}}::h116295df2886ea1e
[INFO] [stderr]     20:     0x55862cf501c9 - core::option::Option<T>::unwrap_or_else::h419d8b6465bf6315
[INFO] [stderr]     21:     0x55862cf549d1 - build_script_main::find::get_openssl::he4b6eb043e118cec
[INFO] [stderr]     22:     0x55862cf4c805 - build_script_main::main::hc44867c3d04bf485
[INFO] [stderr]     23:     0x55862cf56dc3 - core::ops::function::FnOnce::call_once::h4cce7d94393b21c0
[INFO] [stderr]     24:     0x55862cf57736 - std::sys_common::backtrace::__rust_begin_short_backtrace::h66b9c10ddc94b034
[INFO] [stderr]     25:     0x55862cf52fa9 - std::rt::lang_start::{{closure}}::h182c146c5f69e991
[INFO] [stderr]     26:     0x55862cfd0b75 - core::ops::function::impls::<impl core::ops::function::FnOnce<A> for &F>::call_once::hb332f02ff9fc81e2
[INFO] [stderr]                                  at /rustc/e6e4f7ed1589e03bc2f6c5931c1a72e7947e8682/library/core/src/ops/function.rs:284:13
[INFO] [stderr]     27:     0x55862cfd0b75 - std::panicking::try::do_call::hed879afea606d968
[INFO] [stderr]                                  at /rustc/e6e4f7ed1589e03bc2f6c5931c1a72e7947e8682/library/std/src/panicking.rs:500:40
[INFO] [stderr]     28:     0x55862cfd0b75 - std::panicking::try::h395a878f3e4bd2f0
[INFO] [stderr]                                  at /rustc/e6e4f7ed1589e03bc2f6c5931c1a72e7947e8682/library/std/src/panicking.rs:464:19
[INFO] [stderr]     29:     0x55862cfd0b75 - std::panic::catch_unwind::hb44b6ea043448d57
[INFO] [stderr]                                  at /rustc/e6e4f7ed1589e03bc2f6c5931c1a72e7947e8682/library/std/src/panic.rs:142:14
[INFO] [stderr]     30:     0x55862cfd0b75 - std::rt::lang_start_internal::{{closure}}::h6184ba9e5b3e5fbf
[INFO] [stderr]                                  at /rustc/e6e4f7ed1589e03bc2f6c5931c1a72e7947e8682/library/std/src/rt.rs:148:48
[INFO] [stderr]     31:     0x55862cfd0b75 - std::panicking::try::do_call::h8b2c97d4d3608274
[INFO] [stderr]                                  at /rustc/e6e4f7ed1589e03bc2f6c5931c1a72e7947e8682/library/std/src/panicking.rs:500:40
[INFO] [stderr]     32:     0x55862cfd0b75 - std::panicking::try::hfa4cc536e097f1fe
[INFO] [stderr]                                  at /rustc/e6e4f7ed1589e03bc2f6c5931c1a72e7947e8682/library/std/src/panicking.rs:464:19
[INFO] [stderr]     33:     0x55862cfd0b75 - std::panic::catch_unwind::ha3e2192625bb4844
[INFO] [stderr]                                  at /rustc/e6e4f7ed1589e03bc2f6c5931c1a72e7947e8682/library/std/src/panic.rs:142:14
[INFO] [stderr]     34:     0x55862cfd0b75 - std::rt::lang_start_internal::hbd6687884d030770
[INFO] [stderr]                                  at /rustc/e6e4f7ed1589e03bc2f6c5931c1a72e7947e8682/library/std/src/rt.rs:148:20
[INFO] [stderr]     35:     0x55862cf52f87 - std::rt::lang_start::he8250cec691db26f
[INFO] [stderr]     36:     0x55862cf4fab5 - main
[INFO] [stderr]     37:     0x7ff8fe320d90 - <unknown>
[INFO] [stderr]     38:     0x7ff8fe320e40 - __libc_start_main
[INFO] [stderr]     39:     0x55862cf4ae25 - _start
[INFO] [stderr]     40:                0x0 - <unknown>
[INFO] [stderr] warning: build failed, waiting for other jobs to finish...
[INFO] running `Command { std: "docker" "inspect" "b7ad52a8befac0b874cf9b5c7afd82c8df29e710028f7066093055f48c4388a1", kill_on_drop: false }`
[INFO] running `Command { std: "docker" "rm" "-f" "b7ad52a8befac0b874cf9b5c7afd82c8df29e710028f7066093055f48c4388a1", kill_on_drop: false }`
[INFO] [stdout] b7ad52a8befac0b874cf9b5c7afd82c8df29e710028f7066093055f48c4388a1
